s 18 divide 4752?
True
Is 7 a factor of 791?
True
Is 56 a factor of 13048?
True
Is 2691 a multiple of 26?
False
Is 31 a factor of 675?
False
Does 33 divide 5728?
False
Is 20 a factor of 37455?
False
Is 1320 a multiple of 10?
True
Is 162 a multiple of 18?
True
Is 1952 a multiple of 244?
True
Does 3 divide 943?
False
Does 13 divide 9157?
False
Is 11 a factor of 2783?
True
Is 60 a factor of 15346?
False
Is 7632 a multiple of 13?
False
Does 38 divide 18320?
False
Is 18 a factor of 18558?
True
Is 10 a factor of 5017?
False
Is 66 a multiple of 3?
True
Does 59 divide 12311?
False
Is 65 a factor of 455?
True
Does 17 divide 6885?
True
Does 7 divide 167?
False
Does 9 divide 6068?
False
Is 20904 a multiple of 268?
True
Is 22260 a multiple of 20?
True
Is 9433 a multiple of 137?
False
Is 21 a factor of 27258?
True
Is 403 a multiple of 26?
False
Is 16 a factor of 92768?
True
Does 20 divide 5460?
True
Is 84 a factor of 37130?
False
Is 20385 a multiple of 15?
True
Is 20 a factor of 274?
False
Is 35 a factor of 5849?
False
Does 17 divide 612?
True
Is 8 a factor of 70?
False
Is 165 a factor of 8910?
True
Does 240 divide 16080?
True
Is 98 a factor of 17640?
True
Is 1414 a multiple of 7?
True
Is 5706 a multiple of 13?
False
Is 5507 a multiple of 24?
False
Does 20 divide 11437?
False
Is 3718 a multiple of 22?
True
Does 19 divide 13009?
False
Is 135 a multiple of 43?
False
Is 35 a factor of 2626?
False
Is 2 a factor of 24?
True
Does 287 divide 32243?
False
Is 12 a multiple of 4?
True
Is 29 a factor of 551?
True
Is 83 a factor of 15065?
False
Is 2 a factor of 244?
True
Is 4867 a multiple of 31?
True
Is 44198 a multiple of 325?
False
Is 25608 a multiple of 132?
True
Does 7 divide 19652?
False
Is 23 a factor of 1597?
False
Is 9 a factor of 81?
True
Is 82523 a multiple of 7?
True
Does 6 divide 912?
True
Does 71 divide 13206?
True
Is 5056 a multiple of 79?
True
Is 134 a multiple of 9?
False
Does 3 divide 37?
False
Does 11 divide 1697?
False
Is 14 a factor of 798?
True
Is 6732 a multiple of 34?
True
Is 237 a multiple of 79?
True
Does 10 divide 160?
True
Is 43 a factor of 65043?
False
Does 11 divide 58876?
False
Is 4 a factor of 609?
False
Does 104 divide 6552?
True
Is 5 a factor of 856?
False
Is 4170 a multiple of 59?
False
Does 11 divide 99?
True
Is 1161 a multiple of 3?
True
Does 110 divide 56430?
True
Is 62 a factor of 22371?
False
Is 634 a multiple of 11?
False
Is 1080 a multiple of 60?
True
Is 10650 a multiple of 75?
True
Does 12 divide 3009?
False
Is 8 a factor of 1016?
True
Does 24 divide 50614?
False
Is 14560 a multiple of 20?
True
Does 2 divide 194?
True
Is 80 a factor of 23448?
False
Does 51 divide 3060?
True
Is 12 a factor of 7344?
True
Is 56 a factor of 65016?
True
Does 7 divide 108?
False
Does 7 divide 11698?
False
Is 8138 a multiple of 10?
False
Is 165 a multiple of 15?
True
Is 2484 a multiple of 23?
True
Is 18221 a multiple of 6?
False
Is 41583 a multiple of 88?
False
Is 1816 a multiple of 7?
False
Is 2948 a multiple of 11?
True
Is 17164 a multiple of 26?
False
Is 52288 a multiple of 188?
False
Is 14915 a multiple of 23?
False
Is 4329 a multiple of 90?
False
Is 4 a factor of 46?
False
Does 9 divide 243?
True
Is 205 even?
False
Is 9 a factor of 6354?
True
Does 4 divide 2026?
False
Is 217 a multiple of 18?
False
Does 29 divide 38193?
True
Is 79 a factor of 19750?
True
Is 348 a multiple of 10?
False
Does 92 divide 7380?
False
Does 131 divide 24759?
True
Is 1768 a multiple of 9?
False
Is 53 a factor of 2650?
True
Does 3 divide 426?
True
Is 11 a factor of 374?
True
Is 13 a factor of 2171?
True
Does 74 divide 3848?
True
Is 70 a multiple of 10?
True
Does 13 divide 911?
False
Is 6345 a multiple of 9?
True
Is 3259 a multiple of 13?
False
Does 8 divide 4544?
True
Is 19 a factor of 42123?
True
Is 3 a factor of 111?
True
Is 7 a factor of 1680?
True
Does 55 divide 742?
False
Is 32 a factor of 1308?
False
Does 19 divide 246?
False
Is 18 a factor of 589?
False
Is 103 a factor of 43929?
False
Is 19985 a multiple of 19?
False
Is 19082 a multiple of 47?
True
Is 14 a factor of 15638?
True
Is 6 a factor of 154?
False
Is 14818 a multiple of 158?
False
Is 67782 a multiple of 68?
False
Is 2 a factor of 45?
False
Does 13 divide 312?
True
Is 3 a factor of 339?
True
Is 141 a factor of 4945?
False
Is 27 a multiple of 3?
True
Is 210 a multiple of 10?
True
Is 75891 a multiple of 43?
False
Is 10424 a multiple of 94?
False
Is 15060 a multiple of 19?
False
Does 54 divide 9558?
True
Does 3 divide 17?
False
Does 3 divide 20?
False
Is 1337 a multiple of 18?
False
Does 11 divide 32375?
False
Does 43 divide 215?
True
Does 149 divide 2831?
True
Does 13 divide 2275?
True
Is 131 a multiple of 6?
False
Does 3 divide 1094?
False
Does 68 divide 2312?
True
Does 80 divide 33440?
True
Is 65 a factor of 585?
True
Does 17 divide 1676?
False
Does 4 divide 229?
False
Is 300 a multiple of 38?
False
Is 222 a factor of 6138?
False
Is 420 a multiple of 84?
True
Does 37 divide 129?
False
Is 11770 a multiple of 48?
False
Is 303 a multiple of 5?
False
Is 53 a factor of 583?
True
Is 350 a multiple of 14?
True
Is 2 a factor of 1470?
True
Is 5 a factor of 1275?
True
Is 21846 a multiple of 95?
False
Does 11 divide 32956?
True
Does 12 divide 4701?
False
Does 6 divide 11856?
True
Does 82 divide 12628?
True
Is 8856 a multiple of 123?
True
Is 3562 a multiple of 13?
True
Does 26 divide 18538?
True
Does 33 divide 5691?
False
Does 26 divide 364?
True
Does 5 divide 559?
False
Is 21451 a multiple of 34?
False
Does 4 divide 3435?
False
Does 15 divide 2845?
False
Is 2 a factor of 38?
True
Is 14144 a multiple of 17?
True
Is 228 a multiple of 38?
True
Does 15 divide 15030?
True
Is 27248 a multiple of 28?
False
Is 41696 a multiple of 32?
True
Does 46 divide 9904?
False
Does 114 divide 13452?
True
Is 209 even?
False
Does 38 divide 4218?
True
Is 176 a multiple of 33?
False
Is 27 a multiple of 2?
False
Is 6792 a multiple of 24?
True
Is 1809 a multiple of 43?
False
Is 35 a factor of 735?
True
Does 38 divide 8664?
True
Does 5 divide 352?
False
Is 2744 a multiple of 8?
True
Is 1767 a multiple of 21?
False
Is 3024 a multiple of 14?
True
Is 2698 a multiple of 71?
True
Is 426 a multiple of 71?
True
Is 130 a factor of 7150?
True
Does 3 divide 298?
False
Is 15578 a multiple of 12?
False
Does 73 divide 3651?
False
Is 5 a factor of 755?
True
Does 4 divide 100?
True
Does 9 divide 5361?
False
Is 4423 a multiple of 31?
False
Is 21362 a multiple of 230?
False
Is 9 a factor of 1019?
False
Is 26 a factor of 2971?
False
Is 10882 a multiple of 18?
False
Is 25 a factor of 61?
False
Is 7 a factor of 3556?
True
Is 39 a factor of 819?
True
Is 759 a multiple of 11?
True
Is 35203 a multiple of 22?
False
Is 324 a multiple of 14?
False
Is 11 a factor of 968?
True
Does 17 divide 898?
False
Is 82 a factor of 1476?
True
Is 11999 a multiple of 13?
True
Is 21 a factor of 1575?
True
Does 63 divide 1890?
True
Is 345 a multiple of 43?
False
Does 105 divide 1819?
False
Does 4 divide 721?
False
Is 1102 a multiple of 38?
True
Is 468 a multiple of 9?
True
Is 64242 a multiple of 99?
False
Does 5 divide 17250?
True
Does 17 divide 535?
False
Is 35 a factor of 8078?
False
Does 59 divide 53436?
False
Does 33 divide 1617?
True
Is 37 a factor of 63426?
False
Does 130 divide 2413?
False
Is 43 a factor of 1804?
False
Does 7 divide 487?
False
Is 69048 a multiple of 411?
True
Does 7 divide 862?
False
Is 271 a multiple of 7?
False
Is 22 a factor of 15529?
False
Is 714 a multiple of 14?
True
Is 13664 a multiple of 16?
True
Does 14 divide 10934?
True
Does 112 divide 20297?
False
Is 4100 a multiple of 25?
True
Is 4 a factor of 1492?
True
Is 8 a factor of 7056?
True
Is 5582 a multiple of 16?
False
Is 31 a factor of 2170?
True
Is 27751 a multiple of 248?
False
Does 127 divide 18110?
False
Is 48 a factor of 6093?
False
Is 22354 a multiple of 6?
False
Is 312 a multiple of 11?
False
Is 29 a factor of 435?
True
Is 959 a multiple of 14?
False
Is 31 a factor of 403?
True
Does 68 divide 1496?
True
Is 70 a factor of 12167?
False
Is 6 a factor of 1774?
False
Is 33 a factor of 558?
False
Does 54 divide 6102?
True
Is 83 a factor of 19478?
False
Is 64 a factor of 3918?
False
Is 287 a multiple of 6?
False
Does 40 divide 360?
True
Does 13 divide 4953?
True
Is 39 a factor of 585?
True
Does 6 divi